6*s - 11. Let k be x(15). Let w = 20 + -10. What is the greatest common factor of w and k?
2
Let x be -1 + 1 + 18 + -2. Let q be (90/(-25)*2)/(3 - 189/60). Calculate the greatest common factor of q and x.
16
Suppose 9*z - 1 = 17. Let s be (z - (-145)/(-5))/(6/(-4)). Calculate the greatest common divisor of s and 12.
6
Let o be 7/(75/80 + -1). Let w = o - -174. Calculate the greatest common factor of 93 and w.
31
Let u = 2717 + -2707. Suppose -4*q + 153 - 13 = 3*z, -3*z + 2*q = -110. What is the highest common factor of u and z?
10
Suppose -2*x + 349 = 5*k, -5*k + 4*x = -306 - 31. What is the highest common factor of 15 and k?
3
Let j = 391 + -15. What is the greatest common factor of j and 47?
47
Let p be (-4 + -6)/((-1)/3). Let q = 150 + -105. What is the greatest common divisor of p and q?
15
Let z be -19 - -39 - 0 - (2 + 0). Calculate the highest common divisor of 315 and z.
9
Let q(r) = -r**2 - 21*r - 30. Let w be q(-17). Let n = w - -38. Calculate the greatest common factor of n and 190.
38
Suppose -31 + 61 = 10*h. What is the highest common divisor of 57 and h?
3
Suppose 11*d - 2*d = -45. Let m be (15 - -2) + 5/d. Calculate the greatest common divisor of m and 2.
2
Let g be 25 - (-8)/28*28/(-4). Suppose 4*v - 3*v + 2*a = 11, -4*v = a - g. What is the greatest common factor of 5 and v?
5
Let t(u) = 5*u**2 + 4*u + 12. Let d be t(-3). What is the highest common factor of d and 10?
5
Let t be 52/13 + (9 - -50) + -8 + 1. Let b(x) = 27*x**2 + 3*x - 2. Let j be b(2). What is the highest common factor of t and j?
56
Suppose 3 = -2*f + 7. Let k(s) = -7*s**2 + 0*s**f + s**2 + 7*s**2 + 4 - 4*s. Let p be k(3). What is the highest common divisor of p and 1?
1
Let t = -46 - -66. Suppose -2*m = 10, -v = -4*m + 16 - 116. Calculate the highest common divisor of t and v.
20
Suppose 5*j = -b - 2*b + 1225, 4*b + 5*j = 1630. Let y be 11/(44/120)*(-3)/(-2). What is the greatest common factor of y and b?
45
Let t(n) be the second derivative of 7*n**4/3 - n**3/3 - 54*n. Let w be t(1). What is the greatest common divisor of 91 and w?
13
Let d = -158 - -177. Calculate the greatest common divisor of d and 1.
1
Let s(w) = 5*w - 6. Suppose 10 = -4*q + 34. Let h be s(q). Suppose -y + 39 + 7 = -2*f, 0 = -2*y - 2*f + 98. What is the greatest common divisor of y and h?
24
Let g(r) = r - 2*r - r + r + 4. Let l be g(6). Let y = 5 + l. What is the highest common divisor of y and 1?
1
Let q be (-1)/2*(-14 - -8). Suppose 4*h - 4*l = 32, h + q*h + 4*l + 8 = 0. Let g be 1*(-4 + h) + 3. Calculate the greatest common divisor of g and 10.
2
Let a be 5/10*10 - 3. Suppose -144 = -a*v - 2*v. Let d = 143 - 53. Calculate the greatest common divisor of v and d.
18
Let l(x) = 19*x**3 + 2*x**2 - 2*x + 1. Let i be l(1). Let q(b) = -15*b - 25. Let v be q(-12). Let z = v - 105. What is the greatest common divisor of z and i?
10
Suppose -w - 1 = 2*u + 7, -2*u - 38 = 4*w. Let r = -7 - -5. Let j be w/r + (-2 - 0). What is the greatest common divisor of 12 and j?
3
Suppose 0 = 5*o - 2*w + 13 - 2, -2*o + 2*w = 8. Let g be 9/o*(-10)/15. Let c = 77 + -29. What is the greatest common divisor of g and c?
6
Suppose -5*v - 275 = -0*t - 5*t, -4*v - 5*t = 184. Let z = -39 - v. Let n(u) = u**2 + 4*u - 8. Let d be n(-6). Calculate the highest common divisor of d and z.
4
Let i = -583 - -1250. Calculate the greatest common divisor of 23 and i.
23
Suppose -3*x + 209 = -90*g + 91*g, 0 = 2*x - 4*g - 116. What is the greatest common divisor of x and 323?
17
Let f = 355 - 334. Calculate the greatest common factor of f and 252.
21
Let o(l) = 4*l**2 - 68*l - 425. Let q be o(-6). Calculate the highest common divisor of 127 and q.
127
Let x be (-7)/3 - 14/21. Let q be (-10)/(-2 + x/(-2)). Let g be (-176)/(-18) - (210/27 + -8). What is the greatest common divisor of g and q?
10
Suppose -2*b = -8*u + 3*u - 265, 0 = 5*u + 15. What is the highest common factor of b and 25?
25
Suppose 5*x = -5*d + d + 196, -5*d - 5 = 0. What is the greatest common divisor of 8 and x?
8
Let r be 8 + 13/((-65)/(-110)). What is the highest common divisor of 150 and r?
30
Let q(m) = -40*m + 125. Let x be q(2). Let d be ((-12)/30)/((-2)/170). Suppose -5*h = -56 - d. What is the highest common factor of x and h?
9
Let k be (0 - -1) + 1 - 10374/(-273). What is the highest common factor of k and 208?
8
Let r = 103 + -99. Suppose r*u = -3*m + 11, 4*m + 3*u + 0*u = 10. Suppose -5*t + i + 4 = -3*t, -4 = t - 2*i. Calculate the highest common divisor of t and m.
1
Let y(g) = 2*g + 9. Let o be y(1). Calculate the greatest common factor of o and 451.
11
Let j(h) = -h**3 + 2*h**2 + 2*h - 3. Let k be j(-3). What is the highest common factor of k and 48?
12
Let w(v) = 53*v + 9. Let x be w(1). What is the greatest common factor of 31 and x?
31
Let v be 9/2 + (-4)/(-8). Suppose -6*w - 55 = 3*g - w, -v*g + 2*w - 40 = 0. Let t be 15/(-2)*12/g. Calculate the highest common divisor of t and 72.
9
Suppose 2*j + 2*s = 7*s + 196, -3*s - 276 = -3*j. Calculate the greatest common factor of j and 32.
8
Suppose 16*z = 204 + 4. What is the greatest common factor of 52 and z?
13
Let u(y) = -y. Let a be u(4). Let h be 160/6*(-6)/a. What is the greatest common divisor of 10 and h?
10
Let h(b) = b**3 - 2*b**2 - 6*b + 5. Let x be h(4). Suppose 9*l - 49 - 68 = 0. Calculate the greatest common factor of x and l.
13
Suppose 0 = 21*n - 846 + 321. Calculate the highest common divisor of 15 and n.
5
Let r = -16 + 22. Let i be (-74)/(0 - (5 + -3)). Let u = i - -17. Calculate the greatest common factor of r and u.
6
Suppose -12 = -4*z - 3*w, 2*z + 0*w - 6 = -2*w. Let l = 34 + -13. What is the highest common divisor of z and l?
3
Let m = -104 - -115. Suppose 221 = 3*t + 2*c, -3*t + 215 = c - 11. What is the highest common divisor of t and m?
11
Suppose -3*b + 10 + 71 = 5*m, 4*m - 78 = -3*b. What is the highest common factor of b and 5?
1
Let k = -13 + 1. Let u = -5 - k. What is the greatest common divisor of 28 and u?
7
Suppose -4*d + 472 = 2*r, 0 = -3*r + 3*d + d + 728. Let z = r - 337. Let j = z - -212. What is the highest common divisor of j and 46?
23
Suppose -3*l = -2*p + 361, p - l - 191 = 4*l. Suppose 5*b = p - 56. Calculate the greatest common factor of b and 40.
8
Let u(j) = 2*j**2 + 6*j + 2. Let p be u(6). Let n be 14/21*(-318)/(-4). Suppose 0 = -2*m + n - 33. What is the greatest common divisor of m and p?
10
Let j be 3*18 - (-4)/(-4). Suppose 4*i + 5 + 7 = 0, -3*i = -r + j. Calculate the greatest common divisor of r and 4.
4
Let l be 2*-1*(12 + -10) + 20. What is the highest common divisor of l and 44?
4
Suppose 44 = p - 12. Calculate the greatest common divisor of 21 and p.
7
Let v = -1067 - -1283. Calculate the highest common factor of 96 and v.
24
Let l = -1 - -11. Suppose -6*u + l = -u. Suppose -322 = -103*v + 80*v. What is the highest common divisor of u and v?
2
Suppose -100*q + 104*q = -3*k + 104, 2*q = 2*k - 46. What is the greatest common divisor of 203 and k?
7
Suppose -92*r = -98*r + 1320. Calculate the greatest common divisor of 66 and r.
22
Let a(g) = -16*g - 456. Let s be a(-30). Calculate the greatest common divisor of s and 66.
6
Let l = 60 + -58. Suppose -27 + 7 = -l*n. What is the greatest common divisor of 15 and n?
5
Let b(n) = n**2 - 3*n. Let v be b(3). Suppose v = -9*t + 161 + 109. Calculate the greatest common divisor of t and 15.
15
Let h(a) = 2*a**3 - a**2 - 6*a - 2 - 4*a**3 + 2*a. Let l be h(-4). What is the greatest common factor of l and 14?
14
Let b be (26 + 7 - 18) + 8. Let u = 344 + -137. Calculate the highest common divisor of b and u.
23
Let r = 393 + -382. Calculate the greatest common factor of 275 and r.
11
Let p = -120 + 124. Calculate the greatest common factor of p and 64.
4
Let w be (-2)/6 + 421/3. Suppose -2*s + 525 = l, -s + w = -5*l - 139. What is the highest common factor of s and 24?
24
Let n be 1/2 - 9774/(-108). Let x be 9 + 3*(-4)/6. Calculate the highest common factor of n and x.
7
Let y = 565 + -241. What is the greatest common divisor of y and 90?
18
Let n be (12/15)/(1/5). Suppose -n = -b - b. Suppose -11 = -3*g - 2*f, -b*f = 5*g + 3*f - 10. What is the greatest common divisor of 28 and g?
7
Let t = 4 - 1. Suppose 0*g + 6*g = 84. Suppose g*k - 19*k + 15 = 0. What is the highest common divisor of t and k?
3
Let y b